{"id":62897,"date":"2018-08-30T09:17:35","date_gmt":"2018-08-30T07:17:35","guid":{"rendered":"https:\/\/www.achseverlag.com\/?page_id=62897"},"modified":"2024-10-24T15:19:36","modified_gmt":"2024-10-24T13:19:36","slug":"legal","status":"publish","type":"page","link":"https:\/\/www.achseverlag.com\/en\/legal\/","title":{"rendered":"legal"},"content":{"rendered":"<p class=\"qtranxs-available-languages-message qtranxs-available-languages-message-en\">Sorry, this entry is only available in <a href=\"https:\/\/www.achseverlag.com\/de\/wp-json\/wp\/v2\/pages\/62897\" class=\"qtranxs-available-language-link qtranxs-available-language-link-de\" title=\"Deutsch\">Deutsch<\/a>.<\/p><p>ACHSE VERLAG GmbH<br \/>\nGesch\u00e4ftsf\u00fchrer gewerberechtlich: Aram Haus<br \/>\nRooseveltplatz 12 | 5<br \/>\n1090 Vienna, Austria<\/p>\n<p>Tel.: +43 677 611 977 31<\/p>\n<p>Mail: office@achseverlag.com<br \/>\nWeb: www.achseverlag.com<\/p>\n<p>Sitz der Gesellschaft: Wien<br \/>\nFirmenbuch: FN 469611 f<br \/>\nGericht: HG Wien<\/p>\n<p>UID-Nr:\u00a0ATU72232256<br \/>\nMitglied der Wirtschaftskammer Wien,\u00a0Fachgruppe Buch- und Medienwirtschaft<br \/>\nTag der Gewerbeanmeldung: 11.04.2017<\/p>\n<p>&nbsp;<\/p>\n<p><strong>AGB<\/strong><\/p>\n<p>Aufbau und Inhalt der Website sind urheberrechtlich gesch\u00fctzt. Texte bzw. Bilder der Website d\u00fcrfen ohne vorherige schriftliche Zustimmung von Achse Verlag GmbH nicht verwendet werden.<\/p>\n<p>F\u00fcr die Inhalte externer Links \u00fcbernimmt Achse Verlag GmbH keine Haftung, diese liegen in der Verantwortung der jeweiligen Betreiber. Achse Verlag GmbH \u00fcbernimmt keine Garantie f\u00fcr die Richtigkeit, Vollst\u00e4ndigkeit oder Fehler auf dieser Website.<\/p>\n<p>&nbsp;<\/p>\n<p><strong>Erkl\u00e4rung zur Informationspflicht (Datenschutzerkl\u00e4rung)<\/strong><\/p>\n<p>Der Schutz Ihrer pers\u00f6nlichen Daten ist uns ein besonderes Anliegen. Wir verarbeiten Ihre Daten daher ausschlie\u00dflich auf Grundlage der gesetzlichen Bestimmungen (DSGVO, TKG 2003). In diesen Datenschutzinformationen informieren wir Sie \u00fcber die wichtigsten Aspekte der Datenverarbeitung im Rahmen unserer Website.<\/p>\n<p>Mit dem Besuch unserer Website erkl\u00e4ren Sie sich mit den hier aufgef\u00fchrten Nutzungsbedingungen einverstanden.<\/p>\n<p>Bei allen personenbezogenen Bezeichnungen gilt die gew\u00e4hlte Form f\u00fcr beide Geschlechter!<\/p>\n<p><strong>Kontakt<\/strong><\/p>\n<p>Wenn Sie per Kontakt-Formular auf der Website oder per E-Mail Kontakt mit uns aufnehmen, werden Ihre angegebenen Daten zwecks Bearbeitung der Anfrage und f\u00fcr den Fall von Anschlussfragen sechs Monate bei uns gespeichert. Diese Daten geben wir nicht ohne Ihre Einwilligung weiter.<\/p>\n<p>Die Daten Name, Anschrift, eventuell gekaufte Waren und Kaufdatum werden dar\u00fcber hinaus gehend bis zum Ablauf der Produkthaftung (10 Jahre) gespeichert. Die Datenverarbeitung erfolgt auf Basis der gesetzlichen Bestimmungen des \u00a7 96 Abs 3 TKG sowie des Art 6 Abs 1 lit a (Einwilligung) und\/oder lit b (notwendig zur Vertragserf\u00fcllung) der DSGVO.<\/p>\n<p><strong>Cookies<\/strong><\/p>\n<p>Unsere Website verwendet so genannte Cookies. Dabei handelt es sich um kleine Textdateien, die mit Hilfe des Browsers auf Ihrem Endger\u00e4t abgelegt werden. Sie richten keinen Schaden an.<\/p>\n<p>Wir nutzen Cookies dazu, die Nutzung unseres Webauftrittes analytisch auszuwerten und unser Angebot nutzerfreundlich zu gestalten. Einige Cookies bleiben auf Ihrem Endger\u00e4t gespeichert, bis Sie diese l\u00f6schen. Sie erm\u00f6glichen es uns, Ihren Browser beim n\u00e4chsten Besuch wieder zu erkennen. Aus technischen Gr\u00fcnden werden folgende Daten erhoben:<\/p>\n<p>\u2013 die verwendeten Browsertypen und -versionen<br \/>\n\u2013 das verwendete Betriebssystem<br \/>\n\u2013 die Website, von der Sie uns besuchen (Referrer)<br \/>\n\u2013 Websites, die Sie von unserer Seite aus besuchen<br \/>\n\u2013 Datum und Uhrzeit des Zugriffs<br \/>\n\u2013 IP-Adresse<br \/>\n\u2013 der verwendete Internet-Service-Provider<\/p>\n<p>Wenn Sie dies nicht w\u00fcnschen, k\u00f6nnen Sie Ihren Browser so einrichten, dass er Sie \u00fcber das Setzen von Cookies informiert und Sie dies nur im Einzelfall erlauben. Bei der Deaktivierung von Cookies kann die Funktionalit\u00e4t unserer Website eingeschr\u00e4nkt sein. Alle erhobenen Daten werden mit Ausnahme der unten genannten Anbieter ausschlie\u00dflich intern und vertraulich verarbeitet und nicht an Dritte weitergegeben.<\/p>\n<p><strong>Web-Analyse<\/strong><\/p>\n<p>Unsere Website verwendet Funktionen des Web-Analyse-Tools Squarespace Analytics, die durch das Unternehmen Squarespace, Inc. bereitgestellt werden. Dazu werden Cookies verwendet, die eine Analyse der Benutzung der Website durch Ihre Benutzer erm\u00f6glicht. Die dadurch erzeugten Informationen werden auf den Server des Anbieters \u00fcbertragen und dort gespeichert. Squarespace, Inc. ist ein in New York, USA, ans\u00e4ssiges Unternehmen: 225 Varick Street, 12th Floor, New York, NY 10014. Ihre Daten werden somit auf US-amerikanische Server \u00fcbertragen.<\/p>\n<p>Im Rahmen dieser Erhebungen wird Ihre vollst\u00e4ndige\u00a0 IP-Adresse erfasst. Sie k\u00f6nnen dies verhindern, indem Sie Ihren Browser so einrichten, dass keine Cookies gespeichert werden. Im Zuge unserer gesch\u00e4ftlichen Beziehung zum Unternehmen Squarespace, berufen wir uns auf folgenden Vertrag zur Auftragsdatenverarbeitung, den die Firma Squarespace ab dem 14. Mai 2018 bereitstellt:\u00a0\u00a0<a href=\"https:\/\/de.squarespace.com\/dpa\/\">https:\/\/de.squarespace.com\/dpa\/<\/a><\/p>\n<p>Die Datenverarbeitung erfolgt auf Basis der gesetzlichen Bestimmungen des \u00a7 96 Abs 3 TKG sowie des Art 6 Abs 1 lit a (Einwilligung) und\/oder f (berechtigtes Interesse) der DSGVO.\u00a0Unser Anliegen im Sinne der DSGVO (berechtigtes Interesse) ist die Verbesserung unseres Angebotes und unseres Webauftritts.<\/p>\n<p><strong>Facebook &amp; Instagram<\/strong><\/p>\n<p>Unsere Website verwendet Funktionen des sozialen Netzwerks Facebook. Dazu werden Cookies verwendet, die eine Analyse der Benutzung der Website durch Ihre Benutzer erm\u00f6glicht. Die dadurch erzeugten Informationen werden auf den Server des Anbieters \u00fcbertragen und dort gespeichert. Facebook Inc., ist ein in den USA ans\u00e4ssiges Unternehmen: 1601 S. California Ave, Palo Alto, CA 94304, USA. Ihre Daten werden somit auf US-amerikanische Server \u00fcbertragen. Nach eigenen Angaben verarbeitet Facebook die Daten von Benutzern innerhalb der EU und der Schweiz \u00fcber das in Irland ans\u00e4ssige Tochterunternehmen: Facebook Ireland Ltd, 4 Grand Canal Square, Grand Canal Harbour, D2 Dublin, Ireland.<\/p>\n<p>Besuche unserer Website k\u00f6nnen von Facebook erfasst werden, wenn Sie zugleich in Ihrem Browser bei Facebook angemeldet sind. Sie k\u00f6nnen dies verhindern, indem Sie sich vor dem Besuch unserer Website bei Facebook abmelden. Weiterhin weisen wir Sie auf m\u00f6gliche Anpassungen der Einstellungen zur Privatsph\u00e4re in Ihrem Facebook-Account hin:\u00a0<a href=\"https:\/\/www.facebook.com\/help\/325807937506242\">https:\/\/www.facebook.com\/help\/325807937506242<\/a><br \/>\nIm Zuge unserer gesch\u00e4ftlichen Beziehung zum Unternehmen Facebook, berufen wir uns auf folgende Angaben zur Privatsph\u00e4re, die die Firma Facebook bereitstellt:\u00a0<a href=\"https:\/\/www.facebook.com\/about\/privacy\/update\">https:\/\/www.facebook.com\/about\/privacy\/update<\/a>\u00a0sowie\u00a0<a href=\"https:\/\/www.facebook.com\/about\/privacyshield\">https:\/\/www.facebook.com\/about\/privacyshield<\/a><\/p>\n<p>Ebenfalls werden Funktionen von Instagram verwendet, ein Tochterunternehmen der Facebook Inc. Instagram LLC ist eine nach dem Recht des Staates Delaware gegr\u00fcndete und registrierte Gesellschaft. Handelsregisternummer: 5136102, State of Delaware. 1601 Willow Rd, Menlo Park CA 94025, USA. Im Zuge unserer gesch\u00e4ftlichen Beziehung zum Unternehmen Instagram, berufen wir uns auf folgende Angaben zur Privatsph\u00e4re, die die Firma Instagram bereitstellt:\u00a0\u00a0<a href=\"https:\/\/help.instagram.com\/519522125107875?helpref=page_content\">https:\/\/help.instagram.com\/519522125107875?helpref=page_content<\/a><\/p>\n<p><strong>Ihre Rechte<\/strong><\/p>\n<p>Ihnen stehen grunds\u00e4tzlich die Rechte auf Auskunft, Berichtigung, L\u00f6schung, Einschr\u00e4nkung, Daten\u00fcbertragbarkeit, Widerruf und Widerspruch zu. Wenn Sie glauben, dass die Verarbeitung Ihrer Daten gegen das Datenschutzrecht verst\u00f6\u00dft oder Ihre datenschutzrechtlichen Anspr\u00fcche sonst in einer Weise verletzt worden sind, k\u00f6nnen Sie sich bei der Aufsichtsbeh\u00f6rde beschweren. In \u00d6sterreich ist dies die Datenschutzbeh\u00f6rde.<\/p>\n<p>Sie erreichen uns unter folgenden Kontaktdaten: Achse Verlag GmbH, Mail: office@achseverlag.com<\/p>","protected":false},"excerpt":{"rendered":"<p>Sorry, this entry is only available in Deutsch.ACHSE VERLAG GmbH Gesch\u00e4ftsf\u00fchrer gewerberechtlich: Aram Haus Rooseveltplatz 12 | 5 1090 Vienna, Austria Tel.: +43 677 611 977 31 Mail: office@achseverlag.com Web: www.achseverlag.com Sitz der Gesellschaft: Wien Firmenbuch: FN 469611 f Gericht: HG Wien UID-Nr:\u00a0ATU72232256 Mitglied der Wirtschaftskammer Wien,\u00a0Fachgruppe Buch- und Medienwirtschaft Tag der Gewerbeanmeldung: 11.04.2017 &nbsp; [&hellip;]<\/p>\n","protected":false},"author":3,"featured_media":0,"parent":0,"menu_order":14,"comment_status":"closed","ping_status":"closed","template":"","meta":{"_acf_changed":false,"footnotes":""},"class_list":["post-62897","page","type-page","status-publish","hentry"],"acf":[],"_links":{"self":[{"href":"https:\/\/www.achseverlag.com\/en\/wp-json\/wp\/v2\/pages\/62897","targetHints":{"allow":["GET"]}}],"collection":[{"href":"https:\/\/www.achseverlag.com\/en\/wp-json\/wp\/v2\/pages"}],"about":[{"href":"https:\/\/www.achseverlag.com\/en\/wp-json\/wp\/v2\/types\/page"}],"author":[{"embeddable":true,"href":"https:\/\/www.achseverlag.com\/en\/wp-json\/wp\/v2\/users\/3"}],"replies":[{"embeddable":true,"href":"https:\/\/www.achseverlag.com\/en\/wp-json\/wp\/v2\/comments?post=62897"}],"version-history":[{"count":2,"href":"https:\/\/www.achseverlag.com\/en\/wp-json\/wp\/v2\/pages\/62897\/revisions"}],"predecessor-version":[{"id":67926,"href":"https:\/\/www.achseverlag.com\/en\/wp-json\/wp\/v2\/pages\/62897\/revisions\/67926"}],"wp:attachment":[{"href":"https:\/\/www.achseverlag.com\/en\/wp-json\/wp\/v2\/media?parent=62897"}],"curies":[{"name":"wp","href":"https:\/\/api.w.org\/{rel}","templated":true}]}}

<p class="qtranxs-available-languages-message qtranxs-available-languages-message-en">Sorry, this entry is only available in <a href="https://www.achseverlag.com/de/wp-json/wp/v2/pages/62897" class="qtranxs-available-language-link qtranxs-available-language-link-de" title="Deutsch">Deutsch</a>.</p><p>ACHSE VERLAG GmbH<br />
Geschäftsführer gewerberechtlich: Aram Haus<br />
Rooseveltplatz 12 | 5<br />
1090 Vienna, Austria</p>
<p>Tel.: +43 677 611 977 31</p>
<p>Mail: office@achseverlag.com<br />
Web: www.achseverlag.com</p>
<p>Sitz der Gesellschaft: Wien<br />
Firmenbuch: FN 469611 f<br />
Gericht: HG Wien</p>
<p>UID-Nr: ATU72232256<br />
Mitglied der Wirtschaftskammer Wien, Fachgruppe Buch- und Medienwirtschaft<br />
Tag der Gewerbeanmeldung: 11.04.2017</p>
<p>&nbsp;</p>
<p><strong>AGB</strong></p>
<p>Aufbau und Inhalt der Website sind urheberrechtlich geschützt. Texte bzw. Bilder der Website dürfen ohne vorherige schriftliche Zustimmung von Achse Verlag GmbH nicht verwendet werden.</p>
<p>Für die Inhalte externer Links übernimmt Achse Verlag GmbH keine Haftung, diese liegen in der Verantwortung der jeweiligen Betreiber. Achse Verlag GmbH übernimmt keine Garantie für die Richtigkeit, Vollständigkeit oder Fehler auf dieser Website.</p>
<p>&nbsp;</p>
<p><strong>Erklärung zur Informationspflicht (Datenschutzerklärung)</strong></p>
<p>Der Schutz Ihrer persönlichen Daten ist uns ein besonderes Anliegen. Wir verarbeiten Ihre Daten daher ausschließlich auf Grundlage der gesetzlichen Bestimmungen (DSGVO, TKG 2003). In diesen Datenschutzinformationen informieren wir Sie über die wichtigsten Aspekte der Datenverarbeitung im Rahmen unserer Website.</p>
<p>Mit dem Besuch unserer Website erklären Sie sich mit den hier aufgeführten Nutzungsbedingungen einverstanden.</p>
<p>Bei allen personenbezogenen Bezeichnungen gilt die gewählte Form für beide Geschlechter!</p>
<p><strong>Kontakt</strong></p>
<p>Wenn Sie per Kontakt-Formular auf der Website oder per E-Mail Kontakt mit uns aufnehmen, werden Ihre angegebenen Daten zwecks Bearbeitung der Anfrage und für den Fall von Anschlussfragen sechs Monate bei uns gespeichert. Diese Daten geben wir nicht ohne Ihre Einwilligung weiter.</p>
<p>Die Daten Name, Anschrift, eventuell gekaufte Waren und Kaufdatum werden darüber hinaus gehend bis zum Ablauf der Produkthaftung (10 Jahre) gespeichert. Die Datenverarbeitung erfolgt auf Basis der gesetzlichen Bestimmungen des § 96 Abs 3 TKG sowie des Art 6 Abs 1 lit a (Einwilligung) und/oder lit b (notwendig zur Vertragserfüllung) der DSGVO.</p>
<p><strong>Cookies</strong></p>
<p>Unsere Website verwendet so genannte Cookies. Dabei handelt es sich um kleine Textdateien, die mit Hilfe des Browsers auf Ihrem Endgerät abgelegt werden. Sie richten keinen Schaden an.</p>
<p>Wir nutzen Cookies dazu, die Nutzung unseres Webauftrittes analytisch auszuwerten und unser Angebot nutzerfreundlich zu gestalten. Einige Cookies bleiben auf Ihrem Endgerät gespeichert, bis Sie diese löschen. Sie ermöglichen es uns, Ihren Browser beim nächsten Besuch wieder zu erkennen. Aus technischen Gründen werden folgende Daten erhoben:</p>
<p>– die verwendeten Browsertypen und -versionen<br />
– das verwendete Betriebssystem<br />
– die Website, von der Sie uns besuchen (Referrer)<br />
– Websites, die Sie von unserer Seite aus besuchen<br />
– Datum und Uhrzeit des Zugriffs<br />
– IP-Adresse<br />
– der verwendete Internet-Service-Provider</p>
<p>Wenn Sie dies nicht wünschen, können Sie Ihren Browser so einrichten, dass er Sie über das Setzen von Cookies informiert und Sie dies nur im Einzelfall erlauben. Bei der Deaktivierung von Cookies kann die Funktionalität unserer Website eingeschränkt sein. Alle erhobenen Daten werden mit Ausnahme der unten genannten Anbieter ausschließlich intern und vertraulich verarbeitet und nicht an Dritte weitergegeben.</p>
<p><strong>Web-Analyse</strong></p>
<p>Unsere Website verwendet Funktionen des Web-Analyse-Tools Squarespace Analytics, die durch das Unternehmen Squarespace, Inc. bereitgestellt werden. Dazu werden Cookies verwendet, die eine Analyse der Benutzung der Website durch Ihre Benutzer ermöglicht. Die dadurch erzeugten Informationen werden auf den Server des Anbieters übertragen und dort gespeichert. Squarespace, Inc. ist ein in New York, USA, ansässiges Unternehmen: 225 Varick Street, 12th Floor, New York, NY 10014. Ihre Daten werden somit auf US-amerikanische Server übertragen.</p>
<p>Im Rahmen dieser Erhebungen wird Ihre vollständige  IP-Adresse erfasst. Sie können dies verhindern, indem Sie Ihren Browser so einrichten, dass keine Cookies gespeichert werden. Im Zuge unserer geschäftlichen Beziehung zum Unternehmen Squarespace, berufen wir uns auf folgenden Vertrag zur Auftragsdatenverarbeitung, den die Firma Squarespace ab dem 14. Mai 2018 bereitstellt:  <a href="https://de.squarespace.com/dpa/">https://de.squarespace.com/dpa/</a></p>
<p>Die Datenverarbeitung erfolgt auf Basis der gesetzlichen Bestimmungen des § 96 Abs 3 TKG sowie des Art 6 Abs 1 lit a (Einwilligung) und/oder f (berechtigtes Interesse) der DSGVO. Unser Anliegen im Sinne der DSGVO (berechtigtes Interesse) ist die Verbesserung unseres Angebotes und unseres Webauftritts.</p>
<p><strong>Facebook &amp; Instagram</strong></p>
<p>Unsere Website verwendet Funktionen des sozialen Netzwerks Facebook. Dazu werden Cookies verwendet, die eine Analyse der Benutzung der Website durch Ihre Benutzer ermöglicht. Die dadurch erzeugten Informationen werden auf den Server des Anbieters übertragen und dort gespeichert. Facebook Inc., ist ein in den USA ansässiges Unternehmen: 1601 S. California Ave, Palo Alto, CA 94304, USA. Ihre Daten werden somit auf US-amerikanische Server übertragen. Nach eigenen Angaben verarbeitet Facebook die Daten von Benutzern innerhalb der EU und der Schweiz über das in Irland ansässige Tochterunternehmen: Facebook Ireland Ltd, 4 Grand Canal Square, Grand Canal Harbour, D2 Dublin, Ireland.</p>
<p>Besuche unserer Website können von Facebook erfasst werden, wenn Sie zugleich in Ihrem Browser bei Facebook angemeldet sind. Sie können dies verhindern, indem Sie sich vor dem Besuch unserer Website bei Facebook abmelden. Weiterhin weisen wir Sie auf mögliche Anpassungen der Einstellungen zur Privatsphäre in Ihrem Facebook-Account hin: <a href="https://www.facebook.com/help/325807937506242">https://www.facebook.com/help/325807937506242</a><br />
Im Zuge unserer geschäftlichen Beziehung zum Unternehmen Facebook, berufen wir uns auf folgende Angaben zur Privatsphäre, die die Firma Facebook bereitstellt: <a href="https://www.facebook.com/about/privacy/update">https://www.facebook.com/about/privacy/update</a> sowie <a href="https://www.facebook.com/about/privacyshield">https://www.facebook.com/about/privacyshield</a></p>
<p>Ebenfalls werden Funktionen von Instagram verwendet, ein Tochterunternehmen der Facebook Inc. Instagram LLC ist eine nach dem Recht des Staates Delaware gegründete und registrierte Gesellschaft. Handelsregisternummer: 5136102, State of Delaware. 1601 Willow Rd, Menlo Park CA 94025, USA. Im Zuge unserer geschäftlichen Beziehung zum Unternehmen Instagram, berufen wir uns auf folgende Angaben zur Privatsphäre, die die Firma Instagram bereitstellt:  <a href="https://help.instagram.com/519522125107875?helpref=page_content">https://help.instagram.com/519522125107875?helpref=page_content</a></p>
<p><strong>Ihre Rechte</strong></p>
<p>Ihnen stehen grundsätzlich die Rechte auf Auskunft, Berichtigung, Löschung, Einschränkung, Datenübertragbarkeit, Widerruf und Widerspruch zu. Wenn Sie glauben, dass die Verarbeitung Ihrer Daten gegen das Datenschutzrecht verstößt oder Ihre datenschutzrechtlichen Ansprüche sonst in einer Weise verletzt worden sind, können Sie sich bei der Aufsichtsbehörde beschweren. In Österreich ist dies die Datenschutzbehörde.</p>
<p>Sie erreichen uns unter folgenden Kontaktdaten: Achse Verlag GmbH, Mail: office@achseverlag.com</p>

<p>Sorry, this entry is only available in Deutsch.ACHSE VERLAG GmbH Geschäftsführer gewerberechtlich: Aram Haus Rooseveltplatz 12 | 5 1090 Vienna, Austria Tel.: +43 677 611 977 31 Mail: office@achseverlag.com Web: www.achseverlag.com Sitz der Gesellschaft: Wien Firmenbuch: FN 469611 f Gericht: HG Wien UID-Nr: ATU72232256 Mitglied der Wirtschaftskammer Wien, Fachgruppe Buch- und Medienwirtschaft Tag der Gewerbeanmeldung: 11.04.2017 &nbsp; [&hellip;]</p>
