{"id":63191,"date":"2023-12-19T13:05:52","date_gmt":"2023-12-19T13:05:52","guid":{"rendered":"https:\/\/www.achseverlag.com\/produkt\/mulya-die-kuh\/"},"modified":"2023-12-19T16:06:52","modified_gmt":"2023-12-19T15:06:52","slug":"mulya-die-kuh","status":"publish","type":"product","link":"https:\/\/www.achseverlag.com\/en\/mulya-die-kuh\/","title":{"rendered":"(Deutsch) Mulya die Kuh"},"content":{"rendered":"<p class=\"qtranxs-available-languages-message qtranxs-available-languages-message-en\">Sorry, this entry is only available in <a href=\"https:\/\/www.achseverlag.com\/de\/wp-json\/wp\/v2\/product\/63191\" class=\"qtranxs-available-language-link qtranxs-available-language-link-de\" title=\"Deutsch\">Deutsch<\/a>.<\/p><p><\/p>\n<div>Die Geschichte einer Kuh, der es gelingt, dem Schlachtwagen zu entkommen und nach aufregender Flucht ein Leben in Freiheit zu beginnen. Neue Freundschaften und ein ungewo\u0308hnlicher, bunter Alltag warten auf Mulya die Kuh!<\/div>\n<div><\/div>\n<div><\/div>\n<div><i>Mulya die Kuh<\/i> ist ein Buch zum Vorlesen, Anschauen und Mitfiebern. Ein Weckruf fu\u0308r mehr Mut und Neugier fu\u0308r Kinder jeden Alters.<\/div>\n<div><\/div>\n<div><\/div>\n<div>Die Erza\u0308hlung beruht auf wahren Begebenheiten und regt an, gemeinsam mit Kindern u\u0308ber artgerechte Tierhaltung und ethischen Fleischkonsum zu sprechen.&nbsp;Vorbild f\u00fcr Mulya war eine Kuh, die 2018 in Polen, auf \u00e4hnliche Art und Weise ausb\u00fcxte. Als die Wiener K\u00fcnstlerin, Tierbegeisterte und Crossfit-Trainerin <a href=\"https:\/\/www.achseverlag.com\/autoren\/paloma-schreiber\/\">Paloma Schreiber<\/a> von dieser Geschichte h\u00f6rte, begann sie sofort mit der Arbeit. K\u00fche sind f\u00fcr sie schon lange ein Herzensprojekt, reiste sie doch bereits durch ganz \u00d6sterreich und malte die verschiedenen heimischen Kuhrassen. Das Ergebnis ist ein in Reimen erz\u00e4hltes Kinderbuch mit liebevollen Illustrationen.<\/div>\n<div><\/div>\n<p><\/p>","protected":false},"excerpt":{"rendered":"<p class=\"qtranxs-available-languages-message qtranxs-available-languages-message-en\">Sorry, this entry is only available in <a href=\"https:\/\/www.achseverlag.com\/de\/wp-json\/wp\/v2\/product\/63191\" class=\"qtranxs-available-language-link qtranxs-available-language-link-de\" title=\"Deutsch\">Deutsch<\/a>.<\/p>\n<div>Die Geschichte einer Kuh, der es gelingt, dem Schlachtwagen zu entkommen und nach aufregender Flucht ein Leben in Freiheit zu beginnen. Neue Freundschaften und ein ungewo\u0308hnlicher, bunter Alltag warten auf Mulya die Kuh!<\/div>\n<div><\/div>\n<div><\/div>\n<div><i>Mulya die Kuh<\/i> ist ein Buch zum Vorlesen, Anschauen und Mitfiebern. Ein Weckruf fu\u0308r mehr Mut und Neugier fu\u0308r Kinder jeden Alters.<\/div>\n<div><\/div>\n<div><\/div>\n<div>Die Erza\u0308hlung beruht auf wahren Begebenheiten und regt an, gemeinsam mit Kindern u\u0308ber artgerechte Tierhaltung und ethischen Fleischkonsum zu sprechen.&nbsp;Vorbild f\u00fcr Mulya war eine Kuh, die 2018 in Polen, auf \u00e4hnliche Art und Weise ausb\u00fcxte. Als die Wiener K\u00fcnstlerin, Tierbegeisterte und Crossfit-Trainerin <a href=\"https:\/\/www.achseverlag.com\/autoren\/paloma-schreiber\/\">Paloma Schreiber<\/a> von dieser Geschichte h\u00f6rte, begann sie sofort mit der Arbeit. K\u00fche sind f\u00fcr sie schon lange ein Herzensprojekt, reiste sie doch bereits durch ganz \u00d6sterreich und malte die verschiedenen heimischen Kuhrassen. Das Ergebnis ist ein in Reimen erz\u00e4hltes Kinderbuch mit liebevollen Illustrationen.<\/div>\n<div><\/div>\n","protected":false},"featured_media":67549,"template":"","meta":{"_acf_changed":false},"product_brand":[],"product_cat":[2753,2771],"product_tag":[2791],"class_list":{"0":"post-63191","1":"product","2":"type-product","3":"status-publish","4":"has-post-thumbnail","6":"product_cat-kinderbuch","7":"product_cat-natur-tiere","8":"product_tag-freundschaft-kuh-flucht-freiheit","9":"autor-paloma-schreiber","10":"edition-orac","12":"first","13":"instock","14":"taxable","15":"shipping-taxable","16":"purchasable","17":"product-type-simple"},"acf":[],"_links":{"self":[{"href":"https:\/\/www.achseverlag.com\/en\/wp-json\/wp\/v2\/product\/63191","targetHints":{"allow":["GET"]}}],"collection":[{"href":"https:\/\/www.achseverlag.com\/en\/wp-json\/wp\/v2\/product"}],"about":[{"href":"https:\/\/www.achseverlag.com\/en\/wp-json\/wp\/v2\/types\/product"}],"wp:featuredmedia":[{"embeddable":true,"href":"https:\/\/www.achseverlag.com\/en\/wp-json\/wp\/v2\/media\/67549"}],"wp:attachment":[{"href":"https:\/\/www.achseverlag.com\/en\/wp-json\/wp\/v2\/media?parent=63191"}],"wp:term":[{"taxonomy":"product_brand","embeddable":true,"href":"https:\/\/www.achseverlag.com\/en\/wp-json\/wp\/v2\/product_brand?post=63191"},{"taxonomy":"product_cat","embeddable":true,"href":"https:\/\/www.achseverlag.com\/en\/wp-json\/wp\/v2\/product_cat?post=63191"},{"taxonomy":"product_tag","embeddable":true,"href":"https:\/\/www.achseverlag.com\/en\/wp-json\/wp\/v2\/product_tag?post=63191"}],"curies":[{"name":"wp","href":"https:\/\/api.w.org\/{rel}","templated":true}]}}

<p class="qtranxs-available-languages-message qtranxs-available-languages-message-en">Sorry, this entry is only available in <a href="https://www.achseverlag.com/de/wp-json/wp/v2/product/63191" class="qtranxs-available-language-link qtranxs-available-language-link-de" title="Deutsch">Deutsch</a>.</p><p></p>
<div>Die Geschichte einer Kuh, der es gelingt, dem Schlachtwagen zu entkommen und nach aufregender Flucht ein Leben in Freiheit zu beginnen. Neue Freundschaften und ein ungewöhnlicher, bunter Alltag warten auf Mulya die Kuh!</div>
<div></div>
<div></div>
<div><i>Mulya die Kuh</i> ist ein Buch zum Vorlesen, Anschauen und Mitfiebern. Ein Weckruf für mehr Mut und Neugier für Kinder jeden Alters.</div>
<div></div>
<div></div>
<div>Die Erzählung beruht auf wahren Begebenheiten und regt an, gemeinsam mit Kindern über artgerechte Tierhaltung und ethischen Fleischkonsum zu sprechen.&nbsp;Vorbild für Mulya war eine Kuh, die 2018 in Polen, auf ähnliche Art und Weise ausbüxte. Als die Wiener Künstlerin, Tierbegeisterte und Crossfit-Trainerin <a href="https://www.achseverlag.com/autoren/paloma-schreiber/">Paloma Schreiber</a> von dieser Geschichte hörte, begann sie sofort mit der Arbeit. Kühe sind für sie schon lange ein Herzensprojekt, reiste sie doch bereits durch ganz Österreich und malte die verschiedenen heimischen Kuhrassen. Das Ergebnis ist ein in Reimen erzähltes Kinderbuch mit liebevollen Illustrationen.</div>
<div></div>
<p></p>

<p class="qtranxs-available-languages-message qtranxs-available-languages-message-en">Sorry, this entry is only available in <a href="https://www.achseverlag.com/de/wp-json/wp/v2/product/63191" class="qtranxs-available-language-link qtranxs-available-language-link-de" title="Deutsch">Deutsch</a>.</p>
<div>Die Geschichte einer Kuh, der es gelingt, dem Schlachtwagen zu entkommen und nach aufregender Flucht ein Leben in Freiheit zu beginnen. Neue Freundschaften und ein ungewöhnlicher, bunter Alltag warten auf Mulya die Kuh!</div>
<div></div>
<div></div>
<div><i>Mulya die Kuh</i> ist ein Buch zum Vorlesen, Anschauen und Mitfiebern. Ein Weckruf für mehr Mut und Neugier für Kinder jeden Alters.</div>
<div></div>
<div></div>
<div>Die Erzählung beruht auf wahren Begebenheiten und regt an, gemeinsam mit Kindern über artgerechte Tierhaltung und ethischen Fleischkonsum zu sprechen.&nbsp;Vorbild für Mulya war eine Kuh, die 2018 in Polen, auf ähnliche Art und Weise ausbüxte. Als die Wiener Künstlerin, Tierbegeisterte und Crossfit-Trainerin <a href="https://www.achseverlag.com/autoren/paloma-schreiber/">Paloma Schreiber</a> von dieser Geschichte hörte, begann sie sofort mit der Arbeit. Kühe sind für sie schon lange ein Herzensprojekt, reiste sie doch bereits durch ganz Österreich und malte die verschiedenen heimischen Kuhrassen. Das Ergebnis ist ein in Reimen erzähltes Kinderbuch mit liebevollen Illustrationen.</div>
<div></div>
