{"id":63404,"date":"2024-12-18T16:23:00","date_gmt":"2024-12-18T16:23:00","guid":{"rendered":"https:\/\/www.achseverlag.com\/produkt\/wo-ist-ohr\/"},"modified":"2024-12-18T19:24:01","modified_gmt":"2024-12-18T18:24:01","slug":"wo-ist-ohr","status":"publish","type":"product","link":"https:\/\/www.achseverlag.com\/en\/wo-ist-ohr\/","title":{"rendered":"(Deutsch) Wo ist Ohr?"},"content":{"rendered":"<p class=\"qtranxs-available-languages-message qtranxs-available-languages-message-en\">Sorry, this entry is only available in <a href=\"https:\/\/www.achseverlag.com\/de\/wp-json\/wp\/v2\/product\/63404\" class=\"qtranxs-available-language-link qtranxs-available-language-link-de\" title=\"Deutsch\">Deutsch<\/a>.<\/p><p><\/p>\n<div class=\"\" style=\"caret-color: rgb(0,0,0);color: rgb(0,0,0);font-family: Helvetica;font-size: 12px;text-size-adjust: auto;\">\n<div class=\"\" style=\"margin: 0px;text-align: justify;font-stretch: normal;line-height: normal;\">\n<div class=\"\" style=\"text-align: start;text-size-adjust: auto;\">\n<div class=\"\" style=\"margin: 0px;text-align: justify;font-stretch: normal;line-height: normal;\">\n<div class=\"\" style=\"margin: 0px;font-stretch: normal;line-height: normal;\">\n<div style=\"color: rgb(33,33,33);font-family: Tahoma, Arial, sans-serif;font-size: 13px;text-align: start;\">\n<footer>\n<blockquote><p><i>&#8220;Ohr und du, ihr seid wie diese zwei Kirschen. Ganz nah beieinander und zum Verwechseln \u00e4hnlich!&#8221;<\/i><\/p><\/blockquote>\n<p>Ohr findet heraus, dass es in der N\u00e4he noch ein Ohr geben muss und begibt sich auf die Suche. Sein gr\u00f6\u00dfter Wunsch ist es, das andere Ohr zu h\u00f6ren. Auf seiner Reise helfen ihm verschiedene Gesichts- und K\u00f6rperteile. Ger\u00e4usche, Farben und Sprachbilder verleihen Ohrs Gef\u00fchlen Ausdruck. Kreativ und einf\u00fchlsam erz\u00e4hlt Sara Zarian von Ohrs Erlebnissen und inspiriert Kinder schon in jungen Jahren, die Welt mit allen Sinnen zu entdecken. Die fantasievollen Illustrationen von Gabriella N\u00e9meth erwecken Ohr und sein Universum zum Leben. Ein poetisches Buch voll Metaphern \u00fcber Sehnsucht, Geborgenheit und Freundschaft.<\/p>\n<\/footer>\n<\/div>\n<\/div>\n<\/div>\n<\/div>\n<\/div>\n<\/div>\n<p><\/p>","protected":false},"excerpt":{"rendered":"<p class=\"qtranxs-available-languages-message qtranxs-available-languages-message-en\">Sorry, this entry is only available in <a href=\"https:\/\/www.achseverlag.com\/de\/wp-json\/wp\/v2\/product\/63404\" class=\"qtranxs-available-language-link qtranxs-available-language-link-de\" title=\"Deutsch\">Deutsch<\/a>.<\/p>\n<div class=\"\" style=\"caret-color: rgb(0,0,0);color: rgb(0,0,0);font-family: Helvetica;font-size: 12px;text-size-adjust: auto;\">\n<div class=\"\" style=\"margin: 0px;text-align: justify;font-stretch: normal;line-height: normal;\">\n<div class=\"\" style=\"text-align: start;text-size-adjust: auto;\">\n<div class=\"\" style=\"margin: 0px;text-align: justify;font-stretch: normal;line-height: normal;\">\n<div class=\"\" style=\"margin: 0px;font-stretch: normal;line-height: normal;\">\n<div style=\"color: rgb(33,33,33);font-family: Tahoma, Arial, sans-serif;font-size: 13px;text-align: start;\">\n<footer>\n<blockquote><p><i>&#8220;Ohr und du, ihr seid wie diese zwei Kirschen. Ganz nah beieinander und zum Verwechseln \u00e4hnlich!&#8221;<\/i><\/p><\/blockquote>\n<p>Ohr findet heraus, dass es in der N\u00e4he noch ein Ohr geben muss und begibt sich auf die Suche. Sein gr\u00f6\u00dfter Wunsch ist es, das andere Ohr zu h\u00f6ren. Auf seiner Reise helfen ihm verschiedene Gesichts- und K\u00f6rperteile. Ger\u00e4usche, Farben und Sprachbilder verleihen Ohrs Gef\u00fchlen Ausdruck. Kreativ und einf\u00fchlsam erz\u00e4hlt Sara Zarian von Ohrs Erlebnissen und inspiriert Kinder schon in jungen Jahren, die Welt mit allen Sinnen zu entdecken. Die fantasievollen Illustrationen von Gabriella N\u00e9meth erwecken Ohr und sein Universum zum Leben. Ein poetisches Buch voll Metaphern \u00fcber Sehnsucht, Geborgenheit und Freundschaft.<\/p>\n<\/footer>\n<\/div>\n<\/div>\n<\/div>\n<\/div>\n<\/div>\n<\/div>\n","protected":false},"featured_media":67568,"template":"","meta":{"_acf_changed":false},"product_brand":[],"product_cat":[2753,2772],"product_tag":[2871],"class_list":{"0":"post-63404","1":"product","2":"type-product","3":"status-publish","4":"has-post-thumbnail","6":"product_cat-kinderbuch","7":"product_cat-vorlesegeschichten","8":"product_tag-gesicht-fantasie-kind-ohr-freundschaft-maerchen","9":"autor-gabriella-nemeth","10":"autor-sara-zarian","11":"edition-orac","13":"first","14":"instock","15":"taxable","16":"shipping-taxable","17":"purchasable","18":"product-type-simple"},"acf":[],"_links":{"self":[{"href":"https:\/\/www.achseverlag.com\/en\/wp-json\/wp\/v2\/product\/63404","targetHints":{"allow":["GET"]}}],"collection":[{"href":"https:\/\/www.achseverlag.com\/en\/wp-json\/wp\/v2\/product"}],"about":[{"href":"https:\/\/www.achseverlag.com\/en\/wp-json\/wp\/v2\/types\/product"}],"wp:featuredmedia":[{"embeddable":true,"href":"https:\/\/www.achseverlag.com\/en\/wp-json\/wp\/v2\/media\/67568"}],"wp:attachment":[{"href":"https:\/\/www.achseverlag.com\/en\/wp-json\/wp\/v2\/media?parent=63404"}],"wp:term":[{"taxonomy":"product_brand","embeddable":true,"href":"https:\/\/www.achseverlag.com\/en\/wp-json\/wp\/v2\/product_brand?post=63404"},{"taxonomy":"product_cat","embeddable":true,"href":"https:\/\/www.achseverlag.com\/en\/wp-json\/wp\/v2\/product_cat?post=63404"},{"taxonomy":"product_tag","embeddable":true,"href":"https:\/\/www.achseverlag.com\/en\/wp-json\/wp\/v2\/product_tag?post=63404"}],"curies":[{"name":"wp","href":"https:\/\/api.w.org\/{rel}","templated":true}]}}

<p class="qtranxs-available-languages-message qtranxs-available-languages-message-en">Sorry, this entry is only available in <a href="https://www.achseverlag.com/de/wp-json/wp/v2/product/63404" class="qtranxs-available-language-link qtranxs-available-language-link-de" title="Deutsch">Deutsch</a>.</p><p></p>
<div class="" style="caret-color: rgb(0,0,0);color: rgb(0,0,0);font-family: Helvetica;font-size: 12px;text-size-adjust: auto;">
<div class="" style="margin: 0px;text-align: justify;font-stretch: normal;line-height: normal;">
<div class="" style="text-align: start;text-size-adjust: auto;">
<div class="" style="margin: 0px;text-align: justify;font-stretch: normal;line-height: normal;">
<div class="" style="margin: 0px;font-stretch: normal;line-height: normal;">
<div style="color: rgb(33,33,33);font-family: Tahoma, Arial, sans-serif;font-size: 13px;text-align: start;">
<footer>
<blockquote><p><i>&#8220;Ohr und du, ihr seid wie diese zwei Kirschen. Ganz nah beieinander und zum Verwechseln ähnlich!&#8221;</i></p></blockquote>
<p>Ohr findet heraus, dass es in der Nähe noch ein Ohr geben muss und begibt sich auf die Suche. Sein größter Wunsch ist es, das andere Ohr zu hören. Auf seiner Reise helfen ihm verschiedene Gesichts- und Körperteile. Geräusche, Farben und Sprachbilder verleihen Ohrs Gefühlen Ausdruck. Kreativ und einfühlsam erzählt Sara Zarian von Ohrs Erlebnissen und inspiriert Kinder schon in jungen Jahren, die Welt mit allen Sinnen zu entdecken. Die fantasievollen Illustrationen von Gabriella Németh erwecken Ohr und sein Universum zum Leben. Ein poetisches Buch voll Metaphern über Sehnsucht, Geborgenheit und Freundschaft.</p>
</footer>
</div>
</div>
</div>
</div>
</div>
</div>
<p></p>

<p class="qtranxs-available-languages-message qtranxs-available-languages-message-en">Sorry, this entry is only available in <a href="https://www.achseverlag.com/de/wp-json/wp/v2/product/63404" class="qtranxs-available-language-link qtranxs-available-language-link-de" title="Deutsch">Deutsch</a>.</p>
<div class="" style="caret-color: rgb(0,0,0);color: rgb(0,0,0);font-family: Helvetica;font-size: 12px;text-size-adjust: auto;">
<div class="" style="margin: 0px;text-align: justify;font-stretch: normal;line-height: normal;">
<div class="" style="text-align: start;text-size-adjust: auto;">
<div class="" style="margin: 0px;text-align: justify;font-stretch: normal;line-height: normal;">
<div class="" style="margin: 0px;font-stretch: normal;line-height: normal;">
<div style="color: rgb(33,33,33);font-family: Tahoma, Arial, sans-serif;font-size: 13px;text-align: start;">
<footer>
<blockquote><p><i>&#8220;Ohr und du, ihr seid wie diese zwei Kirschen. Ganz nah beieinander und zum Verwechseln ähnlich!&#8221;</i></p></blockquote>
<p>Ohr findet heraus, dass es in der Nähe noch ein Ohr geben muss und begibt sich auf die Suche. Sein größter Wunsch ist es, das andere Ohr zu hören. Auf seiner Reise helfen ihm verschiedene Gesichts- und Körperteile. Geräusche, Farben und Sprachbilder verleihen Ohrs Gefühlen Ausdruck. Kreativ und einfühlsam erzählt Sara Zarian von Ohrs Erlebnissen und inspiriert Kinder schon in jungen Jahren, die Welt mit allen Sinnen zu entdecken. Die fantasievollen Illustrationen von Gabriella Németh erwecken Ohr und sein Universum zum Leben. Ein poetisches Buch voll Metaphern über Sehnsucht, Geborgenheit und Freundschaft.</p>
</footer>
</div>
</div>
</div>
</div>
</div>
</div>
