{"id":65771,"date":"2024-04-10T04:06:35","date_gmt":"2024-04-10T04:06:35","guid":{"rendered":"https:\/\/www.achseverlag.com\/produkt\/mich-hat-nicht-gewundert-dass-sie-auf-maedchen-steht\/"},"modified":"2024-04-10T08:07:35","modified_gmt":"2024-04-10T06:07:35","slug":"mich-hat-nicht-gewundert-dass-sie-auf-maedchen-steht","status":"publish","type":"product","link":"https:\/\/www.achseverlag.com\/en\/mich-hat-nicht-gewundert-dass-sie-auf-maedchen-steht\/","title":{"rendered":"(Deutsch) Mich hat nicht gewundert, dass sie auf M\u00e4dchen steht"},"content":{"rendered":"<p class=\"qtranxs-available-languages-message qtranxs-available-languages-message-en\">Sorry, this entry is only available in <a href=\"https:\/\/www.achseverlag.com\/de\/wp-json\/wp\/v2\/product\/65771\" class=\"qtranxs-available-language-link qtranxs-available-language-link-de\" title=\"Deutsch\">Deutsch<\/a>.<\/p><p><\/p>\n<div><i>\u201eIch habe mich immer als sehr liberalen Menschen gesehen, bis zu dem Moment, wo die Lia mit ihrem Outing kam. Hoppala, so habe ich das aber nicht gemeint! Im eigenen Haus?&#8221;<\/i><\/p>\n<\/div>\n<div>In 18 Portr\u00e4ts widmen sich die Autorin Lisa Bolyos und die Fotografin Carolina Frank der Elternperspektive aufs Coming-out von schwulen, lesbischen, bi, trans, inter und nonbin\u00e4ren Kindern.<\/div>\n<div><\/div>\n<div>Eine Chirurgin, eine Kinderg\u00e4rtnerin, ein pensionierter Psychiater, eine migrantische Aktivistin und ein Installateur: Auf beeindruckende Weise gew\u00e4hren die Eltern, Gro\u00dfeltern und Tanten, die Lisa Bolyos und Carolina Frank in verschiedenen Teilen des l\u00e4ndlichen und urbanen \u00d6sterreichs getroffen haben, Einblick in ihr Familienleben, die Beziehung zu ihren Kindern, die Konflikte, die es auszutragen galt, die W\u00fcnsche und Hoffnungen, die sie f\u00fcr das Leben ihrer Kinder hegen, aber auch die Sorgen, die ihnen politische Entwicklungen machen. Sie erz\u00e4hlen von Tabus und \u00dcberraschungen, vom Schweigen und vom Streiten, von der ersten Barbiepuppe und der ersten Regenbogenparade.<\/div>\n<div><\/div>\n<div><i>Mich hat nicht gewundert, dass sie auf M\u00e4dchen steht \u2013 Gespr\u00e4che mit Eltern queerer Kinder <\/i>will alle Beteiligten ermutigen, sich auf die anstrengende, aber immer lohnende Reise zu machen, Tabus zu \u00fcberwinden und miteinander zu reden.<\/div>\n<div><\/div>\n<div><\/div>\n<div>Mit einem Geleitwort des Psychotherapeuten Udo Rauchfleisch.<\/div>\n<p><\/p>","protected":false},"excerpt":{"rendered":"<p class=\"qtranxs-available-languages-message qtranxs-available-languages-message-en\">Sorry, this entry is only available in <a href=\"https:\/\/www.achseverlag.com\/de\/wp-json\/wp\/v2\/product\/65771\" class=\"qtranxs-available-language-link qtranxs-available-language-link-de\" title=\"Deutsch\">Deutsch<\/a>.<\/p>\n<div><i>\u201eIch habe mich immer als sehr liberalen Menschen gesehen, bis zu dem Moment, wo die Lia mit ihrem Outing kam. Hoppala, so habe ich das aber nicht gemeint! Im eigenen Haus?&#8221;<\/i><\/p>\n<\/div>\n<div>In 18 Portr\u00e4ts widmen sich die Autorin Lisa Bolyos und die Fotografin Carolina Frank der Elternperspektive aufs Coming-out von schwulen, lesbischen, bi, trans, inter und nonbin\u00e4ren Kindern.<\/div>\n<div><\/div>\n<div>Eine Chirurgin, eine Kinderg\u00e4rtnerin, ein pensionierter Psychiater, eine migrantische Aktivistin und ein Installateur: Auf beeindruckende Weise gew\u00e4hren die Eltern, Gro\u00dfeltern und Tanten, die Lisa Bolyos und Carolina Frank in verschiedenen Teilen des l\u00e4ndlichen und urbanen \u00d6sterreichs getroffen haben, Einblick in ihr Familienleben, die Beziehung zu ihren Kindern, die Konflikte, die es auszutragen galt, die W\u00fcnsche und Hoffnungen, die sie f\u00fcr das Leben ihrer Kinder hegen, aber auch die Sorgen, die ihnen politische Entwicklungen machen. Sie erz\u00e4hlen von Tabus und \u00dcberraschungen, vom Schweigen und vom Streiten, von der ersten Barbiepuppe und der ersten Regenbogenparade.<\/div>\n<div><\/div>\n<div><i>Mich hat nicht gewundert, dass sie auf M\u00e4dchen steht \u2013 Gespr\u00e4che mit Eltern queerer Kinder <\/i>will alle Beteiligten ermutigen, sich auf die anstrengende, aber immer lohnende Reise zu machen, Tabus zu \u00fcberwinden und miteinander zu reden.<\/div>\n<div><\/div>\n<div><\/div>\n<div>Mit einem Geleitwort des Psychotherapeuten Udo Rauchfleisch.<\/div>\n","protected":false},"featured_media":67575,"template":"","meta":{"_acf_changed":false},"product_brand":[],"product_cat":[2769,2755],"product_tag":[2893],"class_list":{"0":"post-65771","1":"product","2":"type-product","3":"status-publish","4":"has-post-thumbnail","6":"product_cat-backlist","7":"product_cat-special-book","8":"product_tag-coming-out-familie-queer-eltern","9":"autor-lisa-bolyos-carolina-frank","10":"edition-orac","12":"first","13":"instock","14":"taxable","15":"shipping-taxable","16":"purchasable","17":"product-type-simple"},"acf":[],"_links":{"self":[{"href":"https:\/\/www.achseverlag.com\/en\/wp-json\/wp\/v2\/product\/65771","targetHints":{"allow":["GET"]}}],"collection":[{"href":"https:\/\/www.achseverlag.com\/en\/wp-json\/wp\/v2\/product"}],"about":[{"href":"https:\/\/www.achseverlag.com\/en\/wp-json\/wp\/v2\/types\/product"}],"wp:featuredmedia":[{"embeddable":true,"href":"https:\/\/www.achseverlag.com\/en\/wp-json\/wp\/v2\/media\/67575"}],"wp:attachment":[{"href":"https:\/\/www.achseverlag.com\/en\/wp-json\/wp\/v2\/media?parent=65771"}],"wp:term":[{"taxonomy":"product_brand","embeddable":true,"href":"https:\/\/www.achseverlag.com\/en\/wp-json\/wp\/v2\/product_brand?post=65771"},{"taxonomy":"product_cat","embeddable":true,"href":"https:\/\/www.achseverlag.com\/en\/wp-json\/wp\/v2\/product_cat?post=65771"},{"taxonomy":"product_tag","embeddable":true,"href":"https:\/\/www.achseverlag.com\/en\/wp-json\/wp\/v2\/product_tag?post=65771"}],"curies":[{"name":"wp","href":"https:\/\/api.w.org\/{rel}","templated":true}]}}

(Deutsch) Mich hat nicht gewundert, dass sie auf Mädchen steht

<p class="qtranxs-available-languages-message qtranxs-available-languages-message-en">Sorry, this entry is only available in <a href="https://www.achseverlag.com/de/wp-json/wp/v2/product/65771" class="qtranxs-available-language-link qtranxs-available-language-link-de" title="Deutsch">Deutsch</a>.</p><p></p>
<div><i>„Ich habe mich immer als sehr liberalen Menschen gesehen, bis zu dem Moment, wo die Lia mit ihrem Outing kam. Hoppala, so habe ich das aber nicht gemeint! Im eigenen Haus?&#8221;</i></p>
</div>
<div>In 18 Porträts widmen sich die Autorin Lisa Bolyos und die Fotografin Carolina Frank der Elternperspektive aufs Coming-out von schwulen, lesbischen, bi, trans, inter und nonbinären Kindern.</div>
<div></div>
<div>Eine Chirurgin, eine Kindergärtnerin, ein pensionierter Psychiater, eine migrantische Aktivistin und ein Installateur: Auf beeindruckende Weise gewähren die Eltern, Großeltern und Tanten, die Lisa Bolyos und Carolina Frank in verschiedenen Teilen des ländlichen und urbanen Österreichs getroffen haben, Einblick in ihr Familienleben, die Beziehung zu ihren Kindern, die Konflikte, die es auszutragen galt, die Wünsche und Hoffnungen, die sie für das Leben ihrer Kinder hegen, aber auch die Sorgen, die ihnen politische Entwicklungen machen. Sie erzählen von Tabus und Überraschungen, vom Schweigen und vom Streiten, von der ersten Barbiepuppe und der ersten Regenbogenparade.</div>
<div></div>
<div><i>Mich hat nicht gewundert, dass sie auf Mädchen steht – Gespräche mit Eltern queerer Kinder </i>will alle Beteiligten ermutigen, sich auf die anstrengende, aber immer lohnende Reise zu machen, Tabus zu überwinden und miteinander zu reden.</div>
<div></div>
<div></div>
<div>Mit einem Geleitwort des Psychotherapeuten Udo Rauchfleisch.</div>
<p></p>

<p class="qtranxs-available-languages-message qtranxs-available-languages-message-en">Sorry, this entry is only available in <a href="https://www.achseverlag.com/de/wp-json/wp/v2/product/65771" class="qtranxs-available-language-link qtranxs-available-language-link-de" title="Deutsch">Deutsch</a>.</p>
<div><i>„Ich habe mich immer als sehr liberalen Menschen gesehen, bis zu dem Moment, wo die Lia mit ihrem Outing kam. Hoppala, so habe ich das aber nicht gemeint! Im eigenen Haus?&#8221;</i></p>
</div>
<div>In 18 Porträts widmen sich die Autorin Lisa Bolyos und die Fotografin Carolina Frank der Elternperspektive aufs Coming-out von schwulen, lesbischen, bi, trans, inter und nonbinären Kindern.</div>
<div></div>
<div>Eine Chirurgin, eine Kindergärtnerin, ein pensionierter Psychiater, eine migrantische Aktivistin und ein Installateur: Auf beeindruckende Weise gewähren die Eltern, Großeltern und Tanten, die Lisa Bolyos und Carolina Frank in verschiedenen Teilen des ländlichen und urbanen Österreichs getroffen haben, Einblick in ihr Familienleben, die Beziehung zu ihren Kindern, die Konflikte, die es auszutragen galt, die Wünsche und Hoffnungen, die sie für das Leben ihrer Kinder hegen, aber auch die Sorgen, die ihnen politische Entwicklungen machen. Sie erzählen von Tabus und Überraschungen, vom Schweigen und vom Streiten, von der ersten Barbiepuppe und der ersten Regenbogenparade.</div>
<div></div>
<div><i>Mich hat nicht gewundert, dass sie auf Mädchen steht – Gespräche mit Eltern queerer Kinder </i>will alle Beteiligten ermutigen, sich auf die anstrengende, aber immer lohnende Reise zu machen, Tabus zu überwinden und miteinander zu reden.</div>
<div></div>
<div></div>
<div>Mit einem Geleitwort des Psychotherapeuten Udo Rauchfleisch.</div>
