{"id":67539,"date":"2026-02-24T09:49:43","date_gmt":"2026-02-24T09:49:43","guid":{"rendered":"https:\/\/www.achseverlag.com\/empty-product-container-2\/"},"modified":"2026-02-24T12:50:43","modified_gmt":"2026-02-24T11:50:43","slug":"greta","status":"publish","type":"product","link":"https:\/\/www.achseverlag.com\/en\/greta\/","title":{"rendered":"(Deutsch) Greta"},"content":{"rendered":"<p class=\"qtranxs-available-languages-message qtranxs-available-languages-message-en\">Sorry, this entry is only available in <a href=\"https:\/\/www.achseverlag.com\/de\/wp-json\/wp\/v2\/product\/67539\" class=\"qtranxs-available-language-link qtranxs-available-language-link-de\" title=\"Deutsch\">Deutsch<\/a>.<\/p><p><\/p>\n<div><b>ab 4 Jahren | Thema: Tiere und Umweltschutz<\/b><\/div>\n<div>\u00dcbersetzt aus dem Slowakischen von Mirko Kraetsch.<\/div>\n<div><\/div>\n<div>Kein anderes Gesch\u00f6pf tr\u00e4llert so sch\u00f6n wie Greta, der singende Wal! Doch eines Tages verliert die Unterwassers\u00e4ngerin ihre Stimme. Woran mag das nur liegen? Im Meereskrankenhaus entdecken die Tiere, dass Gretas Krankheit durch den Plastikm\u00fcll in den Ozeanen verursacht wurde. Gemeinsam starten sie eine gro\u00dfe Aufr\u00e4umaktion, um Gretas Stimme zur\u00fcckzuholen. <\/div>\n<div><\/div>\n<blockquote><p><b>Zeitgen\u00f6ssisches Thema, kindgerecht aufbereitet<\/b><\/p><\/blockquote>\n<div><\/div>\n<div><\/div>\n<div>Gretas unterhaltsame Geschichte, wundersch\u00f6n und in warmen Farben illustriert, bringt Kindern auf erfrischende Weise das ernste Thema der Meeresverschmutzung n\u00e4her<span style=\"font-size:13px;color:#000000;font-weight:normal;text-decoration:none;font-family:'Arial';font-style:normal;text-decoration-skip-ink:none;\">. Das Bilderbuch vermittelt wichtiges Umweltwissen und gibt praktische Recyclingtipps, um das Bewusstsein der Kinder f\u00fcr die Auswirkungen von Plastikm\u00fcll zu sch\u00e4rfen.<\/span><\/div>\n<div><span style=\"font-size:13px;color:#000000;font-weight:normal;text-decoration:none;font-family:'Arial';font-style:normal;text-decoration-skip-ink:none;\"><br \/><\/span><\/div>\n<blockquote><p><b><span style=\"font-size: 13px; color: rgb(0, 0, 0); text-decoration: none; font-family: &quot;Arial&quot;; font-style: normal; text-decoration-skip-ink: none;\">Lustige Tiere tummeln sich auf gro\u00dffl\u00e4chigen Illustrationen<br \/><\/span><\/b><\/p><\/blockquote>\n<p><\/p>","protected":false},"excerpt":{"rendered":"<p class=\"qtranxs-available-languages-message qtranxs-available-languages-message-en\">Sorry, this entry is only available in <a href=\"https:\/\/www.achseverlag.com\/de\/wp-json\/wp\/v2\/product\/67539\" class=\"qtranxs-available-language-link qtranxs-available-language-link-de\" title=\"Deutsch\">Deutsch<\/a>.<\/p>\n<div><b>ab 4 Jahren | Thema: Tiere und Umweltschutz<\/b><\/div>\n<div>\u00dcbersetzt aus dem Slowakischen von Mirko Kraetsch.<\/div>\n<div><\/div>\n<div>Kein anderes Gesch\u00f6pf tr\u00e4llert so sch\u00f6n wie Greta, der singende Wal! Doch eines Tages verliert die Unterwassers\u00e4ngerin ihre Stimme. Woran mag das nur liegen? Im Meereskrankenhaus entdecken die Tiere, dass Gretas Krankheit durch den Plastikm\u00fcll in den Ozeanen verursacht wurde. Gemeinsam starten sie eine gro\u00dfe Aufr\u00e4umaktion, um Gretas Stimme zur\u00fcckzuholen. <\/div>\n<div><\/div>\n<blockquote><p><b>Zeitgen\u00f6ssisches Thema, kindgerecht aufbereitet<\/b><\/p><\/blockquote>\n<div><\/div>\n<div><\/div>\n<div>Gretas unterhaltsame Geschichte, wundersch\u00f6n und in warmen Farben illustriert, bringt Kindern auf erfrischende Weise das ernste Thema der Meeresverschmutzung n\u00e4her<span style=\"font-size:13px;color:#000000;font-weight:normal;text-decoration:none;font-family:'Arial';font-style:normal;text-decoration-skip-ink:none;\">. Das Bilderbuch vermittelt wichtiges Umweltwissen und gibt praktische Recyclingtipps, um das Bewusstsein der Kinder f\u00fcr die Auswirkungen von Plastikm\u00fcll zu sch\u00e4rfen.<\/span><\/div>\n<div><span style=\"font-size:13px;color:#000000;font-weight:normal;text-decoration:none;font-family:'Arial';font-style:normal;text-decoration-skip-ink:none;\"><br \/><\/span><\/div>\n<blockquote><p><b><span style=\"font-size: 13px; color: rgb(0, 0, 0); text-decoration: none; font-family: &quot;Arial&quot;; font-style: normal; text-decoration-skip-ink: none;\">Lustige Tiere tummeln sich auf gro\u00dffl\u00e4chigen Illustrationen<br \/><\/span><\/b><\/p><\/blockquote>\n","protected":false},"featured_media":67586,"template":"","meta":{"_acf_changed":false},"product_brand":[],"product_cat":[2994,2753,2771,2772],"product_tag":[2787],"class_list":{"0":"post-67539","1":"product","2":"type-product","3":"status-publish","4":"has-post-thumbnail","6":"product_cat-creating-neighbourhood","7":"product_cat-kinderbuch","8":"product_cat-natur-tiere","9":"product_cat-vorlesegeschichten","10":"product_tag-wale-umweltverschmutzung-meer-plastikmuell","11":"autor-andrea-gregusova","12":"autor-mirko-kraetsch","13":"autor-nastia-sleptsova","14":"edition-orac","16":"first","17":"instock","18":"taxable","19":"shipping-taxable","20":"purchasable","21":"product-type-simple"},"acf":[],"_links":{"self":[{"href":"https:\/\/www.achseverlag.com\/en\/wp-json\/wp\/v2\/product\/67539","targetHints":{"allow":["GET"]}}],"collection":[{"href":"https:\/\/www.achseverlag.com\/en\/wp-json\/wp\/v2\/product"}],"about":[{"href":"https:\/\/www.achseverlag.com\/en\/wp-json\/wp\/v2\/types\/product"}],"wp:featuredmedia":[{"embeddable":true,"href":"https:\/\/www.achseverlag.com\/en\/wp-json\/wp\/v2\/media\/67586"}],"wp:attachment":[{"href":"https:\/\/www.achseverlag.com\/en\/wp-json\/wp\/v2\/media?parent=67539"}],"wp:term":[{"taxonomy":"product_brand","embeddable":true,"href":"https:\/\/www.achseverlag.com\/en\/wp-json\/wp\/v2\/product_brand?post=67539"},{"taxonomy":"product_cat","embeddable":true,"href":"https:\/\/www.achseverlag.com\/en\/wp-json\/wp\/v2\/product_cat?post=67539"},{"taxonomy":"product_tag","embeddable":true,"href":"https:\/\/www.achseverlag.com\/en\/wp-json\/wp\/v2\/product_tag?post=67539"}],"curies":[{"name":"wp","href":"https:\/\/api.w.org\/{rel}","templated":true}]}}

<p class="qtranxs-available-languages-message qtranxs-available-languages-message-en">Sorry, this entry is only available in <a href="https://www.achseverlag.com/de/wp-json/wp/v2/product/67539" class="qtranxs-available-language-link qtranxs-available-language-link-de" title="Deutsch">Deutsch</a>.</p><p></p>
<div><b>ab 4 Jahren | Thema: Tiere und Umweltschutz</b></div>
<div>Übersetzt aus dem Slowakischen von Mirko Kraetsch.</div>
<div></div>
<div>Kein anderes Geschöpf trällert so schön wie Greta, der singende Wal! Doch eines Tages verliert die Unterwassersängerin ihre Stimme. Woran mag das nur liegen? Im Meereskrankenhaus entdecken die Tiere, dass Gretas Krankheit durch den Plastikmüll in den Ozeanen verursacht wurde. Gemeinsam starten sie eine große Aufräumaktion, um Gretas Stimme zurückzuholen. </div>
<div></div>
<blockquote><p><b>Zeitgenössisches Thema, kindgerecht aufbereitet</b></p></blockquote>
<div></div>
<div></div>
<div>Gretas unterhaltsame Geschichte, wunderschön und in warmen Farben illustriert, bringt Kindern auf erfrischende Weise das ernste Thema der Meeresverschmutzung näher<span style="font-size:13px;color:#000000;font-weight:normal;text-decoration:none;font-family:'Arial';font-style:normal;text-decoration-skip-ink:none;">. Das Bilderbuch vermittelt wichtiges Umweltwissen und gibt praktische Recyclingtipps, um das Bewusstsein der Kinder für die Auswirkungen von Plastikmüll zu schärfen.</span></div>
<div><span style="font-size:13px;color:#000000;font-weight:normal;text-decoration:none;font-family:'Arial';font-style:normal;text-decoration-skip-ink:none;"><br /></span></div>
<blockquote><p><b><span style="font-size: 13px; color: rgb(0, 0, 0); text-decoration: none; font-family: &quot;Arial&quot;; font-style: normal; text-decoration-skip-ink: none;">Lustige Tiere tummeln sich auf großflächigen Illustrationen<br /></span></b></p></blockquote>
<p></p>

<p class="qtranxs-available-languages-message qtranxs-available-languages-message-en">Sorry, this entry is only available in <a href="https://www.achseverlag.com/de/wp-json/wp/v2/product/67539" class="qtranxs-available-language-link qtranxs-available-language-link-de" title="Deutsch">Deutsch</a>.</p>
<div><b>ab 4 Jahren | Thema: Tiere und Umweltschutz</b></div>
<div>Übersetzt aus dem Slowakischen von Mirko Kraetsch.</div>
<div></div>
<div>Kein anderes Geschöpf trällert so schön wie Greta, der singende Wal! Doch eines Tages verliert die Unterwassersängerin ihre Stimme. Woran mag das nur liegen? Im Meereskrankenhaus entdecken die Tiere, dass Gretas Krankheit durch den Plastikmüll in den Ozeanen verursacht wurde. Gemeinsam starten sie eine große Aufräumaktion, um Gretas Stimme zurückzuholen. </div>
<div></div>
<blockquote><p><b>Zeitgenössisches Thema, kindgerecht aufbereitet</b></p></blockquote>
<div></div>
<div></div>
<div>Gretas unterhaltsame Geschichte, wunderschön und in warmen Farben illustriert, bringt Kindern auf erfrischende Weise das ernste Thema der Meeresverschmutzung näher<span style="font-size:13px;color:#000000;font-weight:normal;text-decoration:none;font-family:'Arial';font-style:normal;text-decoration-skip-ink:none;">. Das Bilderbuch vermittelt wichtiges Umweltwissen und gibt praktische Recyclingtipps, um das Bewusstsein der Kinder für die Auswirkungen von Plastikmüll zu schärfen.</span></div>
<div><span style="font-size:13px;color:#000000;font-weight:normal;text-decoration:none;font-family:'Arial';font-style:normal;text-decoration-skip-ink:none;"><br /></span></div>
<blockquote><p><b><span style="font-size: 13px; color: rgb(0, 0, 0); text-decoration: none; font-family: &quot;Arial&quot;; font-style: normal; text-decoration-skip-ink: none;">Lustige Tiere tummeln sich auf großflächigen Illustrationen<br /></span></b></p></blockquote>
