{"id":67543,"date":"2024-10-09T06:35:28","date_gmt":"2024-10-09T06:35:28","guid":{"rendered":"https:\/\/www.achseverlag.com\/empty-product-container-2\/"},"modified":"2024-10-09T10:36:29","modified_gmt":"2024-10-09T08:36:29","slug":"mathildas-wortschatztruhe","status":"publish","type":"product","link":"https:\/\/www.achseverlag.com\/en\/mathildas-wortschatztruhe\/","title":{"rendered":"(Deutsch) Mathildas Wortschatztruhe"},"content":{"rendered":"<p class=\"qtranxs-available-languages-message qtranxs-available-languages-message-en\">Sorry, this entry is only available in <a href=\"https:\/\/www.achseverlag.com\/de\/wp-json\/wp\/v2\/product\/67543\" class=\"qtranxs-available-language-link qtranxs-available-language-link-de\" title=\"Deutsch\">Deutsch<\/a>.<\/p><p><\/p>\n<div><b>ab 5 Jahren | Thema: Sprache und Freundschaft<\/b><\/div>\n<div><\/div>\n<p>Mathilda lebt in einem gro\u00dfen, alten Apfelbaum, weit au\u00dferhalb des Dorfs. Manchmal tr\u00e4gt der Wind W\u00f6rter herbei. W\u00f6rter? \u2013 Genau, W\u00f6rter! Sie verfangen sich in den knorrigen \u00c4sten. Selten sind sie ruhig, meistens zappeln sie wild und kommen ganz krumm und verwordakelt daher. Wenn Mathilda sich um sie gek\u00fcmmert hat, d\u00fcrfen sie in ihre Wortschatztruhe. Denn Mathilda sammelt W\u00f6rter und mit W\u00f6rtern baut sie ihre Welt. Aber Mathilda merkt auch, dass sie einsam ist. Schlagartig wei\u00df sie, was ihr am allermeisten fehlt: Eine Freundin! Aber wie finden? K\u00f6nnen die W\u00f6rter ihr helfen?<\/p>\n<div><\/div>\n<div>\n<blockquote><p><b>Von der Indie-B\u00fchne in den Apfelbaum \u2013 Das erste Kinderbuch der bekannten Musikerin&nbsp;<a href=\"https:\/\/claraluzia.com\/\">Clara Luzia<\/a>!<\/b><\/p><\/blockquote>\n<div><\/div>\n<div>Clara Luzia verpasst ihrer wortakrobatischen Heldin mehr als nur eine Prise Fantasie und bleibt trotzdem immer nah an den Themen, die Kinder wirklich besch\u00e4ftigen.<\/div>\n<\/div>\n<div><\/div>\n<div>\n<blockquote><p><b>\u00bbWort f\u00fcr Wort lassen wir uns in Mathildas magische Welt entf\u00fchren und erleben am Schluss ein ganz selbstverst\u00e4ndliches Wunder. Ein Lesevergn\u00fcgen f\u00fcr kleine und gro\u00dfe Kinder.\u00ab<\/b><\/p><\/blockquote>\n<p style=\"font-variant-numeric: normal; font-variant-east-asian: normal; font-variant-alternates: normal; font-size-adjust: none; font-kerning: auto; font-optical-sizing: auto; font-feature-settings: normal; font-variation-settings: normal; font-variant-position: normal; font-stretch: normal; line-height: normal; font-family: &quot;Helvetica Neue&quot;; text-align: right; margin: 0px;\"><i>Kathrin Hippler,<\/i><\/p>\n<p style=\"font-variant-numeric: normal; font-variant-east-asian: normal; font-variant-alternates: normal; font-size-adjust: none; font-kerning: auto; font-optical-sizing: auto; font-feature-settings: normal; font-variation-settings: normal; font-variant-position: normal; font-stretch: normal; line-height: normal; font-family: &quot;Helvetica Neue&quot;; text-align: right; margin: 0px;\"><i>Kinder- und Jugendpsychologin<\/i><\/p>\n<\/div>\n<p><\/p>","protected":false},"excerpt":{"rendered":"<p class=\"qtranxs-available-languages-message qtranxs-available-languages-message-en\">Sorry, this entry is only available in <a href=\"https:\/\/www.achseverlag.com\/de\/wp-json\/wp\/v2\/product\/67543\" class=\"qtranxs-available-language-link qtranxs-available-language-link-de\" title=\"Deutsch\">Deutsch<\/a>.<\/p>\n<div><b>ab 5 Jahren | Thema: Sprache und Freundschaft<\/b><\/div>\n<div><\/div>\n<p>Mathilda lebt in einem gro\u00dfen, alten Apfelbaum, weit au\u00dferhalb des Dorfs. Manchmal tr\u00e4gt der Wind W\u00f6rter herbei. W\u00f6rter? \u2013 Genau, W\u00f6rter! Sie verfangen sich in den knorrigen \u00c4sten. Selten sind sie ruhig, meistens zappeln sie wild und kommen ganz krumm und verwordakelt daher. Wenn Mathilda sich um sie gek\u00fcmmert hat, d\u00fcrfen sie in ihre Wortschatztruhe. Denn Mathilda sammelt W\u00f6rter und mit W\u00f6rtern baut sie ihre Welt. Aber Mathilda merkt auch, dass sie einsam ist. Schlagartig wei\u00df sie, was ihr am allermeisten fehlt: Eine Freundin! Aber wie finden? K\u00f6nnen die W\u00f6rter ihr helfen?<\/p>\n<div><\/div>\n<div>\n<blockquote><p><b>Von der Indie-B\u00fchne in den Apfelbaum \u2013 Das erste Kinderbuch der bekannten Musikerin&nbsp;<a href=\"https:\/\/claraluzia.com\/\">Clara Luzia<\/a>!<\/b><\/p><\/blockquote>\n<div><\/div>\n<div>Clara Luzia verpasst ihrer wortakrobatischen Heldin mehr als nur eine Prise Fantasie und bleibt trotzdem immer nah an den Themen, die Kinder wirklich besch\u00e4ftigen.<\/div>\n<\/div>\n<div><\/div>\n<div>\n<blockquote><p><b>\u00bbWort f\u00fcr Wort lassen wir uns in Mathildas magische Welt entf\u00fchren und erleben am Schluss ein ganz selbstverst\u00e4ndliches Wunder. Ein Lesevergn\u00fcgen f\u00fcr kleine und gro\u00dfe Kinder.\u00ab<\/b><\/p><\/blockquote>\n<p style=\"font-variant-numeric: normal; font-variant-east-asian: normal; font-variant-alternates: normal; font-size-adjust: none; font-kerning: auto; font-optical-sizing: auto; font-feature-settings: normal; font-variation-settings: normal; font-variant-position: normal; font-stretch: normal; line-height: normal; font-family: &quot;Helvetica Neue&quot;; text-align: right; margin: 0px;\"><i>Kathrin Hippler,<\/i><\/p>\n<p style=\"font-variant-numeric: normal; font-variant-east-asian: normal; font-variant-alternates: normal; font-size-adjust: none; font-kerning: auto; font-optical-sizing: auto; font-feature-settings: normal; font-variation-settings: normal; font-variant-position: normal; font-stretch: normal; line-height: normal; font-family: &quot;Helvetica Neue&quot;; text-align: right; margin: 0px;\"><i>Kinder- und Jugendpsychologin<\/i><\/p>\n<\/div>\n","protected":false},"featured_media":67716,"template":"","meta":{"_acf_changed":false},"product_brand":[],"product_cat":[2753,2772],"product_tag":[2854],"class_list":{"0":"post-67543","1":"product","2":"type-product","3":"status-publish","4":"has-post-thumbnail","6":"product_cat-kinderbuch","7":"product_cat-vorlesegeschichten","8":"product_tag-wortspiele-freundschaft-sprache-buchstaben","9":"autor-clara-luzia-lene-kieberl","10":"autor-lene-kieberl","11":"edition-orac","13":"first","14":"instock","15":"taxable","16":"shipping-taxable","17":"purchasable","18":"product-type-simple"},"acf":[],"_links":{"self":[{"href":"https:\/\/www.achseverlag.com\/en\/wp-json\/wp\/v2\/product\/67543","targetHints":{"allow":["GET"]}}],"collection":[{"href":"https:\/\/www.achseverlag.com\/en\/wp-json\/wp\/v2\/product"}],"about":[{"href":"https:\/\/www.achseverlag.com\/en\/wp-json\/wp\/v2\/types\/product"}],"wp:featuredmedia":[{"embeddable":true,"href":"https:\/\/www.achseverlag.com\/en\/wp-json\/wp\/v2\/media\/67716"}],"wp:attachment":[{"href":"https:\/\/www.achseverlag.com\/en\/wp-json\/wp\/v2\/media?parent=67543"}],"wp:term":[{"taxonomy":"product_brand","embeddable":true,"href":"https:\/\/www.achseverlag.com\/en\/wp-json\/wp\/v2\/product_brand?post=67543"},{"taxonomy":"product_cat","embeddable":true,"href":"https:\/\/www.achseverlag.com\/en\/wp-json\/wp\/v2\/product_cat?post=67543"},{"taxonomy":"product_tag","embeddable":true,"href":"https:\/\/www.achseverlag.com\/en\/wp-json\/wp\/v2\/product_tag?post=67543"}],"curies":[{"name":"wp","href":"https:\/\/api.w.org\/{rel}","templated":true}]}}

<p class="qtranxs-available-languages-message qtranxs-available-languages-message-en">Sorry, this entry is only available in <a href="https://www.achseverlag.com/de/wp-json/wp/v2/product/67543" class="qtranxs-available-language-link qtranxs-available-language-link-de" title="Deutsch">Deutsch</a>.</p><p></p>
<div><b>ab 5 Jahren | Thema: Sprache und Freundschaft</b></div>
<div></div>
<p>Mathilda lebt in einem großen, alten Apfelbaum, weit außerhalb des Dorfs. Manchmal trägt der Wind Wörter herbei. Wörter? – Genau, Wörter! Sie verfangen sich in den knorrigen Ästen. Selten sind sie ruhig, meistens zappeln sie wild und kommen ganz krumm und verwordakelt daher. Wenn Mathilda sich um sie gekümmert hat, dürfen sie in ihre Wortschatztruhe. Denn Mathilda sammelt Wörter und mit Wörtern baut sie ihre Welt. Aber Mathilda merkt auch, dass sie einsam ist. Schlagartig weiß sie, was ihr am allermeisten fehlt: Eine Freundin! Aber wie finden? Können die Wörter ihr helfen?</p>
<div></div>
<div>
<blockquote><p><b>Von der Indie-Bühne in den Apfelbaum – Das erste Kinderbuch der bekannten Musikerin&nbsp;<a href="https://claraluzia.com/">Clara Luzia</a>!</b></p></blockquote>
<div></div>
<div>Clara Luzia verpasst ihrer wortakrobatischen Heldin mehr als nur eine Prise Fantasie und bleibt trotzdem immer nah an den Themen, die Kinder wirklich beschäftigen.</div>
</div>
<div></div>
<div>
<blockquote><p><b>»Wort für Wort lassen wir uns in Mathildas magische Welt entführen und erleben am Schluss ein ganz selbstverständliches Wunder. Ein Lesevergnügen für kleine und große Kinder.«</b></p></blockquote>
<p style="font-variant-numeric: normal; font-variant-east-asian: normal; font-variant-alternates: normal; font-size-adjust: none; font-kerning: auto; font-optical-sizing: auto; font-feature-settings: normal; font-variation-settings: normal; font-variant-position: normal; font-stretch: normal; line-height: normal; font-family: &quot;Helvetica Neue&quot;; text-align: right; margin: 0px;"><i>Kathrin Hippler,</i></p>
<p style="font-variant-numeric: normal; font-variant-east-asian: normal; font-variant-alternates: normal; font-size-adjust: none; font-kerning: auto; font-optical-sizing: auto; font-feature-settings: normal; font-variation-settings: normal; font-variant-position: normal; font-stretch: normal; line-height: normal; font-family: &quot;Helvetica Neue&quot;; text-align: right; margin: 0px;"><i>Kinder- und Jugendpsychologin</i></p>
</div>
<p></p>

<p class="qtranxs-available-languages-message qtranxs-available-languages-message-en">Sorry, this entry is only available in <a href="https://www.achseverlag.com/de/wp-json/wp/v2/product/67543" class="qtranxs-available-language-link qtranxs-available-language-link-de" title="Deutsch">Deutsch</a>.</p>
<div><b>ab 5 Jahren | Thema: Sprache und Freundschaft</b></div>
<div></div>
<p>Mathilda lebt in einem großen, alten Apfelbaum, weit außerhalb des Dorfs. Manchmal trägt der Wind Wörter herbei. Wörter? – Genau, Wörter! Sie verfangen sich in den knorrigen Ästen. Selten sind sie ruhig, meistens zappeln sie wild und kommen ganz krumm und verwordakelt daher. Wenn Mathilda sich um sie gekümmert hat, dürfen sie in ihre Wortschatztruhe. Denn Mathilda sammelt Wörter und mit Wörtern baut sie ihre Welt. Aber Mathilda merkt auch, dass sie einsam ist. Schlagartig weiß sie, was ihr am allermeisten fehlt: Eine Freundin! Aber wie finden? Können die Wörter ihr helfen?</p>
<div></div>
<div>
<blockquote><p><b>Von der Indie-Bühne in den Apfelbaum – Das erste Kinderbuch der bekannten Musikerin&nbsp;<a href="https://claraluzia.com/">Clara Luzia</a>!</b></p></blockquote>
<div></div>
<div>Clara Luzia verpasst ihrer wortakrobatischen Heldin mehr als nur eine Prise Fantasie und bleibt trotzdem immer nah an den Themen, die Kinder wirklich beschäftigen.</div>
</div>
<div></div>
<div>
<blockquote><p><b>»Wort für Wort lassen wir uns in Mathildas magische Welt entführen und erleben am Schluss ein ganz selbstverständliches Wunder. Ein Lesevergnügen für kleine und große Kinder.«</b></p></blockquote>
<p style="font-variant-numeric: normal; font-variant-east-asian: normal; font-variant-alternates: normal; font-size-adjust: none; font-kerning: auto; font-optical-sizing: auto; font-feature-settings: normal; font-variation-settings: normal; font-variant-position: normal; font-stretch: normal; line-height: normal; font-family: &quot;Helvetica Neue&quot;; text-align: right; margin: 0px;"><i>Kathrin Hippler,</i></p>
<p style="font-variant-numeric: normal; font-variant-east-asian: normal; font-variant-alternates: normal; font-size-adjust: none; font-kerning: auto; font-optical-sizing: auto; font-feature-settings: normal; font-variation-settings: normal; font-variant-position: normal; font-stretch: normal; line-height: normal; font-family: &quot;Helvetica Neue&quot;; text-align: right; margin: 0px;"><i>Kinder- und Jugendpsychologin</i></p>
</div>
