{"id":68123,"date":"2026-01-13T07:54:02","date_gmt":"2026-01-13T07:54:02","guid":{"rendered":"https:\/\/www.achseverlag.com\/empty-product-container-2\/"},"modified":"2026-01-13T10:55:02","modified_gmt":"2026-01-13T09:55:02","slug":"kein-weihnachtsbaum-fuer-kleo","status":"publish","type":"product","link":"https:\/\/www.achseverlag.com\/en\/kein-weihnachtsbaum-fuer-kleo\/","title":{"rendered":"(Deutsch) Kein Weihnachtsbaum f\u00fcr Kleo?"},"content":{"rendered":"<p class=\"qtranxs-available-languages-message qtranxs-available-languages-message-en\">Sorry, this entry is only available in <a href=\"https:\/\/www.achseverlag.com\/de\/wp-json\/wp\/v2\/product\/68123\" class=\"qtranxs-available-language-link qtranxs-available-language-link-de\" title=\"Deutsch\">Deutsch<\/a>.<\/p><p><\/p>\n<div><b>ab 5 Jahren | Thema: Weihnachten und Umweltschutz<\/b><\/div>\n<div><\/div>\n<div>Eigentlich liebt Kleo Weihnachten, doch dieses Jahr will keine Stimmung aufkommen. Ohne ihren besten Freund Pedro muss sie mit Papa auf Geschenkesuche gehen \u2013 Einkaufsstress pur! Und \u00fcberhaupt: Ist es nicht total schlecht f\u00fcr die Umwelt, Weihnachtsb\u00e4ume zu f\u00e4llen? Ihre neue Mission, ein baumfreies Weihnachtsfest durchzusetzen, beginnt in der Nachbarschaft. Aber im Gespr\u00e4ch mit den Hausbewohner*innen, lernt Kleo schnell, dass es viele verschiedene M\u00f6glichkeiten gibt, das Fest zu feiern, und mindestens genauso viele Weihnachtsb\u00e4ume. Ihre Vors\u00e4tze beginnen zu wackeln \u2026<\/div>\n<div><\/div>\n<div>\n<blockquote><p>Traditionen neu denken<\/p><\/blockquote>\n<\/div>\n<div><\/div>\n<div>\n<blockquote><p>Gr\u00fcnes Weihnachten: gemeinsam nachhaltig feiern<\/p><\/blockquote>\n<\/div>\n<div><\/div>\n<blockquote><p>Weihnachtsbuch mit zeitgen\u00f6ssischem Twist<\/p><\/blockquote>\n<p><\/p>","protected":false},"excerpt":{"rendered":"<p class=\"qtranxs-available-languages-message qtranxs-available-languages-message-en\">Sorry, this entry is only available in <a href=\"https:\/\/www.achseverlag.com\/de\/wp-json\/wp\/v2\/product\/68123\" class=\"qtranxs-available-language-link qtranxs-available-language-link-de\" title=\"Deutsch\">Deutsch<\/a>.<\/p>\n<div><b>ab 5 Jahren | Thema: Weihnachten und Umweltschutz<\/b><\/div>\n<div><\/div>\n<div>Eigentlich liebt Kleo Weihnachten, doch dieses Jahr will keine Stimmung aufkommen. Ohne ihren besten Freund Pedro muss sie mit Papa auf Geschenkesuche gehen \u2013 Einkaufsstress pur! Und \u00fcberhaupt: Ist es nicht total schlecht f\u00fcr die Umwelt, Weihnachtsb\u00e4ume zu f\u00e4llen? Ihre neue Mission, ein baumfreies Weihnachtsfest durchzusetzen, beginnt in der Nachbarschaft. Aber im Gespr\u00e4ch mit den Hausbewohner*innen, lernt Kleo schnell, dass es viele verschiedene M\u00f6glichkeiten gibt, das Fest zu feiern, und mindestens genauso viele Weihnachtsb\u00e4ume. Ihre Vors\u00e4tze beginnen zu wackeln \u2026<\/div>\n<div><\/div>\n<div>\n<blockquote><p>Traditionen neu denken<\/p><\/blockquote>\n<\/div>\n<div><\/div>\n<div>\n<blockquote><p>Gr\u00fcnes Weihnachten: gemeinsam nachhaltig feiern<\/p><\/blockquote>\n<\/div>\n<div><\/div>\n<blockquote><p>Weihnachtsbuch mit zeitgen\u00f6ssischem Twist<\/p><\/blockquote>\n","protected":false},"featured_media":68140,"template":"","meta":{"_acf_changed":false},"product_brand":[],"product_cat":[2753,2771,2772],"product_tag":[3063,3062,3061],"class_list":{"0":"post-68123","1":"product","2":"type-product","3":"status-publish","4":"has-post-thumbnail","6":"product_cat-kinderbuch","7":"product_cat-natur-tiere","8":"product_cat-vorlesegeschichten","9":"product_tag-baum","10":"product_tag-nachhaltig","11":"product_tag-weihnachten","12":"autor-caro-docar-ewelina-wolnowkska","14":"first","15":"instock","16":"taxable","17":"shipping-taxable","18":"purchasable","19":"product-type-simple"},"acf":[],"_links":{"self":[{"href":"https:\/\/www.achseverlag.com\/en\/wp-json\/wp\/v2\/product\/68123","targetHints":{"allow":["GET"]}}],"collection":[{"href":"https:\/\/www.achseverlag.com\/en\/wp-json\/wp\/v2\/product"}],"about":[{"href":"https:\/\/www.achseverlag.com\/en\/wp-json\/wp\/v2\/types\/product"}],"wp:featuredmedia":[{"embeddable":true,"href":"https:\/\/www.achseverlag.com\/en\/wp-json\/wp\/v2\/media\/68140"}],"wp:attachment":[{"href":"https:\/\/www.achseverlag.com\/en\/wp-json\/wp\/v2\/media?parent=68123"}],"wp:term":[{"taxonomy":"product_brand","embeddable":true,"href":"https:\/\/www.achseverlag.com\/en\/wp-json\/wp\/v2\/product_brand?post=68123"},{"taxonomy":"product_cat","embeddable":true,"href":"https:\/\/www.achseverlag.com\/en\/wp-json\/wp\/v2\/product_cat?post=68123"},{"taxonomy":"product_tag","embeddable":true,"href":"https:\/\/www.achseverlag.com\/en\/wp-json\/wp\/v2\/product_tag?post=68123"}],"curies":[{"name":"wp","href":"https:\/\/api.w.org\/{rel}","templated":true}]}}

(Deutsch) Kein Weihnachtsbaum für Kleo?

<p class="qtranxs-available-languages-message qtranxs-available-languages-message-en">Sorry, this entry is only available in <a href="https://www.achseverlag.com/de/wp-json/wp/v2/product/68123" class="qtranxs-available-language-link qtranxs-available-language-link-de" title="Deutsch">Deutsch</a>.</p><p></p>
<div><b>ab 5 Jahren | Thema: Weihnachten und Umweltschutz</b></div>
<div></div>
<div>Eigentlich liebt Kleo Weihnachten, doch dieses Jahr will keine Stimmung aufkommen. Ohne ihren besten Freund Pedro muss sie mit Papa auf Geschenkesuche gehen – Einkaufsstress pur! Und überhaupt: Ist es nicht total schlecht für die Umwelt, Weihnachtsbäume zu fällen? Ihre neue Mission, ein baumfreies Weihnachtsfest durchzusetzen, beginnt in der Nachbarschaft. Aber im Gespräch mit den Hausbewohner*innen, lernt Kleo schnell, dass es viele verschiedene Möglichkeiten gibt, das Fest zu feiern, und mindestens genauso viele Weihnachtsbäume. Ihre Vorsätze beginnen zu wackeln …</div>
<div></div>
<div>
<blockquote><p>Traditionen neu denken</p></blockquote>
</div>
<div></div>
<div>
<blockquote><p>Grünes Weihnachten: gemeinsam nachhaltig feiern</p></blockquote>
</div>
<div></div>
<blockquote><p>Weihnachtsbuch mit zeitgenössischem Twist</p></blockquote>
<p></p>

<p class="qtranxs-available-languages-message qtranxs-available-languages-message-en">Sorry, this entry is only available in <a href="https://www.achseverlag.com/de/wp-json/wp/v2/product/68123" class="qtranxs-available-language-link qtranxs-available-language-link-de" title="Deutsch">Deutsch</a>.</p>
<div><b>ab 5 Jahren | Thema: Weihnachten und Umweltschutz</b></div>
<div></div>
<div>Eigentlich liebt Kleo Weihnachten, doch dieses Jahr will keine Stimmung aufkommen. Ohne ihren besten Freund Pedro muss sie mit Papa auf Geschenkesuche gehen – Einkaufsstress pur! Und überhaupt: Ist es nicht total schlecht für die Umwelt, Weihnachtsbäume zu fällen? Ihre neue Mission, ein baumfreies Weihnachtsfest durchzusetzen, beginnt in der Nachbarschaft. Aber im Gespräch mit den Hausbewohner*innen, lernt Kleo schnell, dass es viele verschiedene Möglichkeiten gibt, das Fest zu feiern, und mindestens genauso viele Weihnachtsbäume. Ihre Vorsätze beginnen zu wackeln …</div>
<div></div>
<div>
<blockquote><p>Traditionen neu denken</p></blockquote>
</div>
<div></div>
<div>
<blockquote><p>Grünes Weihnachten: gemeinsam nachhaltig feiern</p></blockquote>
</div>
<div></div>
<blockquote><p>Weihnachtsbuch mit zeitgenössischem Twist</p></blockquote>
