{"id":68275,"date":"2026-04-07T09:59:13","date_gmt":"2026-04-07T09:59:13","guid":{"rendered":"https:\/\/www.achseverlag.com\/empty-product-container-2\/"},"modified":"2026-04-07T14:00:13","modified_gmt":"2026-04-07T12:00:13","slug":"ich-seh-in-dir-was-du-nicht-siehst","status":"publish","type":"product","link":"https:\/\/www.achseverlag.com\/en\/ich-seh-in-dir-was-du-nicht-siehst\/","title":{"rendered":"(Deutsch) Ich seh in dir, was du nicht siehst"},"content":{"rendered":"<p class=\"qtranxs-available-languages-message qtranxs-available-languages-message-en\">Sorry, this entry is only available in <a href=\"https:\/\/www.achseverlag.com\/de\/wp-json\/wp\/v2\/product\/68275\" class=\"qtranxs-available-language-link qtranxs-available-language-link-de\" title=\"Deutsch\">Deutsch<\/a>.<\/p><p><\/p>\n<div><b>ab 4 Jahren | Thema: Talente &amp; Zusammenhalt<\/b><\/div>\n<div><\/div>\n<div>Tove h\u00e4tte so gern ein Talent! Alle spielen Fu\u00dfball, Schach oder in einer Band, aber ihm gelingt nicht mal der einfachste Kartentrick. Also, raus an die frische Luft. Der Ausflug in den Park entwickelt sich zu einem echten Abenteuer. Hier trifft Tove Helin, Antonio und die anderen, und im Laufe des Nachmittags k\u00f6nnen alle Kinder zeigen, was sie drauf haben: jonglieren, Fantasie-Drachen bek\u00e4mpfen und Tiere in den Wolken erkennen. Manche Talente m\u00f6gen zuerst verborgen sein, aber nichts ist sch\u00f6ner, als sie mit anderen zu teilen.<\/div>\n<div><\/div>\n<div>\n<blockquote><p>Best\u00e4rkende Botschaft<\/p><\/blockquote>\n<\/div>\n<div><\/div>\n<div>\n<blockquote><p>Zeigt Leser*innen, dass jedes Kind besonders ist<\/p><\/blockquote>\n<\/div>\n<div><\/div>\n<blockquote><p>Talente abseits vom Mainstream<\/p><\/blockquote>\n<p><\/p>","protected":false},"excerpt":{"rendered":"<p class=\"qtranxs-available-languages-message qtranxs-available-languages-message-en\">Sorry, this entry is only available in <a href=\"https:\/\/www.achseverlag.com\/de\/wp-json\/wp\/v2\/product\/68275\" class=\"qtranxs-available-language-link qtranxs-available-language-link-de\" title=\"Deutsch\">Deutsch<\/a>.<\/p>\n<div><b>ab 4 Jahren | Thema: Talente &amp; Zusammenhalt<\/b><\/div>\n<div><\/div>\n<div>Tove h\u00e4tte so gern ein Talent! Alle spielen Fu\u00dfball, Schach oder in einer Band, aber ihm gelingt nicht mal der einfachste Kartentrick. Also, raus an die frische Luft. Der Ausflug in den Park entwickelt sich zu einem echten Abenteuer. Hier trifft Tove Helin, Antonio und die anderen, und im Laufe des Nachmittags k\u00f6nnen alle Kinder zeigen, was sie drauf haben: jonglieren, Fantasie-Drachen bek\u00e4mpfen und Tiere in den Wolken erkennen. Manche Talente m\u00f6gen zuerst verborgen sein, aber nichts ist sch\u00f6ner, als sie mit anderen zu teilen.<\/div>\n<div><\/div>\n<div>\n<blockquote><p>Best\u00e4rkende Botschaft<\/p><\/blockquote>\n<\/div>\n<div><\/div>\n<div>\n<blockquote><p>Zeigt Leser*innen, dass jedes Kind besonders ist<\/p><\/blockquote>\n<\/div>\n<div><\/div>\n<blockquote><p>Talente abseits vom Mainstream<\/p><\/blockquote>\n","protected":false},"featured_media":68276,"template":"","meta":{"_acf_changed":false},"product_brand":[],"product_cat":[2753,2772],"product_tag":[],"class_list":{"0":"post-68275","1":"product","2":"type-product","3":"status-publish","4":"has-post-thumbnail","6":"product_cat-kinderbuch","7":"product_cat-vorlesegeschichten","8":"autor-martin-fontanellaz-anna-horak","10":"first","11":"instock","12":"taxable","13":"shipping-taxable","14":"purchasable","15":"product-type-simple"},"acf":[],"_links":{"self":[{"href":"https:\/\/www.achseverlag.com\/en\/wp-json\/wp\/v2\/product\/68275","targetHints":{"allow":["GET"]}}],"collection":[{"href":"https:\/\/www.achseverlag.com\/en\/wp-json\/wp\/v2\/product"}],"about":[{"href":"https:\/\/www.achseverlag.com\/en\/wp-json\/wp\/v2\/types\/product"}],"wp:featuredmedia":[{"embeddable":true,"href":"https:\/\/www.achseverlag.com\/en\/wp-json\/wp\/v2\/media\/68276"}],"wp:attachment":[{"href":"https:\/\/www.achseverlag.com\/en\/wp-json\/wp\/v2\/media?parent=68275"}],"wp:term":[{"taxonomy":"product_brand","embeddable":true,"href":"https:\/\/www.achseverlag.com\/en\/wp-json\/wp\/v2\/product_brand?post=68275"},{"taxonomy":"product_cat","embeddable":true,"href":"https:\/\/www.achseverlag.com\/en\/wp-json\/wp\/v2\/product_cat?post=68275"},{"taxonomy":"product_tag","embeddable":true,"href":"https:\/\/www.achseverlag.com\/en\/wp-json\/wp\/v2\/product_tag?post=68275"}],"curies":[{"name":"wp","href":"https:\/\/api.w.org\/{rel}","templated":true}]}}

<p class="qtranxs-available-languages-message qtranxs-available-languages-message-en">Sorry, this entry is only available in <a href="https://www.achseverlag.com/de/wp-json/wp/v2/product/68275" class="qtranxs-available-language-link qtranxs-available-language-link-de" title="Deutsch">Deutsch</a>.</p><p></p>
<div><b>ab 4 Jahren | Thema: Talente &amp; Zusammenhalt</b></div>
<div></div>
<div>Tove hätte so gern ein Talent! Alle spielen Fußball, Schach oder in einer Band, aber ihm gelingt nicht mal der einfachste Kartentrick. Also, raus an die frische Luft. Der Ausflug in den Park entwickelt sich zu einem echten Abenteuer. Hier trifft Tove Helin, Antonio und die anderen, und im Laufe des Nachmittags können alle Kinder zeigen, was sie drauf haben: jonglieren, Fantasie-Drachen bekämpfen und Tiere in den Wolken erkennen. Manche Talente mögen zuerst verborgen sein, aber nichts ist schöner, als sie mit anderen zu teilen.</div>
<div></div>
<div>
<blockquote><p>Bestärkende Botschaft</p></blockquote>
</div>
<div></div>
<div>
<blockquote><p>Zeigt Leser*innen, dass jedes Kind besonders ist</p></blockquote>
</div>
<div></div>
<blockquote><p>Talente abseits vom Mainstream</p></blockquote>
<p></p>

<p class="qtranxs-available-languages-message qtranxs-available-languages-message-en">Sorry, this entry is only available in <a href="https://www.achseverlag.com/de/wp-json/wp/v2/product/68275" class="qtranxs-available-language-link qtranxs-available-language-link-de" title="Deutsch">Deutsch</a>.</p>
<div><b>ab 4 Jahren | Thema: Talente &amp; Zusammenhalt</b></div>
<div></div>
<div>Tove hätte so gern ein Talent! Alle spielen Fußball, Schach oder in einer Band, aber ihm gelingt nicht mal der einfachste Kartentrick. Also, raus an die frische Luft. Der Ausflug in den Park entwickelt sich zu einem echten Abenteuer. Hier trifft Tove Helin, Antonio und die anderen, und im Laufe des Nachmittags können alle Kinder zeigen, was sie drauf haben: jonglieren, Fantasie-Drachen bekämpfen und Tiere in den Wolken erkennen. Manche Talente mögen zuerst verborgen sein, aber nichts ist schöner, als sie mit anderen zu teilen.</div>
<div></div>
<div>
<blockquote><p>Bestärkende Botschaft</p></blockquote>
</div>
<div></div>
<div>
<blockquote><p>Zeigt Leser*innen, dass jedes Kind besonders ist</p></blockquote>
</div>
<div></div>
<blockquote><p>Talente abseits vom Mainstream</p></blockquote>
